11
What is the greatest common factor of 104328 and 36?
36
Calculate the highest common factor of 1491 and 122759.
497
What is the greatest common divisor of 185614 and 102778?
1534
What is the greatest common divisor of 102 and 721956?
102
What is the greatest common factor of 5488 and 288?
16
What is the highest common divisor of 25 and 621?
1
Calculate the greatest common factor of 95370 and 442.
34
What is the greatest common factor of 251309 and 235?
47
What is the highest common divisor of 941157 and 63?
63
Calculate the greatest common factor of 107916 and 6.
6
What is the highest common divisor of 784 and 10624?
16
What is the highest common factor of 270 and 416016?
54
Calculate the highest common factor of 12053 and 391.
17
What is the greatest common divisor of 182031 and 1551?
141
Calculate the greatest common factor of 5075 and 2219.
7
What is the greatest common factor of 2730 and 10647?
273
What is the highest common divisor of 825 and 755?
5
Calculate the greatest common factor of 23532 and 29044.
212
Calculate the greatest common divisor of 1980 and 14058.
198
What is the greatest common divisor of 300 and 21550?
50
Calculate the highest common factor of 17784 and 15485.
19
What is the highest common factor of 46713 and 552?
69
What is the highest common factor of 14475 and 1875?
75
Calculate the highest common factor of 14 and 98546.
14
What is the greatest common divisor of 18291 and 14469?
273
Calculate the highest common divisor of 5676 and 176.
44
What is the highest common factor of 463346 and 2769?
923
Calculate the greatest common divisor of 58617 and 8016.
501
What is the highest common divisor of 38065 and 1265?
115
Calculate the greatest common divisor of 584691 and 186.
93
What is the greatest common divisor of 160766 and 496?
62
What is the greatest common factor of 674753 and 824?
103
What is the greatest common factor of 82 and 933816?
82
What is the highest common divisor of 11178 and 552?
138
Calculate the highest common divisor of 30 and 104590.
10
What is the greatest common divisor of 44822 and 3070?
614
Calculate the highest common divisor of 4117 and 460.
23
What is the highest common factor of 50995 and 93?
31
What is the highest common factor of 141972 and 12?
12
What is the greatest common factor of 36 and 35004?
12
What is the greatest common divisor of 60426 and 1134?
162
What is the highest common divisor of 174693 and 12?
3
Calculate the greatest common divisor of 228 and 115007.
19
Calculate the highest common divisor of 16303 and 11543.
119
Calculate the highest common factor of 5180 and 13510.
70
Calculate the highest common factor of 1378475 and 350.
175
What is the greatest common divisor of 190 and 920?
10
What is the greatest common factor of 264 and 56848?
88
What is the highest common factor of 37706 and 170?
34
What is the greatest common divisor of 785 and 1081573?
157
Calculate the greatest common divisor of 1166 and 17914.
106
What is the highest common factor of 20643 and 84?
21
Calculate the greatest common divisor of 119882 and 1694.
14
Calculate the highest common divisor of 1175 and 79336.
47
Calculate the greatest common divisor of 1566 and 18444.
174
Calculate the highest common factor of 3064 and 331678.
766
Calculate the greatest common divisor of 239939 and 227.
227
Calculate the highest common divisor of 143 and 12419.
11
What is the greatest common factor of 11664 and 256?
16
Calculate the highest common divisor of 41988 and 288.
12
Calculate the greatest common factor of 83 and 273983.
83
What is the greatest common divisor of 29631550 and 130?
130
What is the highest common divisor of 70580 and 40?
20
What is the greatest common divisor of 751920 and 30?
30
What is the highest common factor of 654465 and 322?
161
What is the highest common divisor of 567362 and 62?
62
What is the greatest common divisor of 28 and 4271764?
28
Calculate the greatest common factor of 1124387 and 55.
11
What is the greatest common factor of 6262 and 163822?
202
What is the greatest common factor of 42 and 43302?
42
What is the highest common divisor of 887586 and 126?
42
Calculate the highest common divisor of 1050 and 933100.
350
What is the greatest common factor of 1260 and 2340?
180
Calculate the greatest common factor of 310500 and 780.
60
Calculate the greatest common divisor of 36520 and 83.
83
What is the greatest common divisor of 59 and 380314?
59
Calculate the greatest common factor of 265 and 46587.
53
What is the highest common factor of 21924 and 6960?
348
Calculate the highest common factor of 496516 and 3333.
101
Calculate the greatest common divisor of 1518 and 56166.
1518
Calculate the highest common factor of 62532 and 972.
324
Calculate the highest common factor of 15799 and 11914.
259
What is the greatest common factor of 1677 and 28251?
129
Calculate the greatest common divisor of 2569580 and 520.
260
What is the greatest common factor of 5252 and 117?
13
Calculate the highest common divisor of 22420 and 147500.
1180
What is the highest common divisor of 60300 and 315?
45
What is the greatest common factor of 150 and 2082?
6
Calculate the greatest common factor of 4485 and 5070.
195
What is the greatest common divisor of 621 and 74359?
23
What is the greatest common factor of 99 and 1597761?
99
What is the greatest common divisor of 1577 and 1368?
19
Calculate the highest common divisor of 244 and 452.
4
Calculate the highest common factor of 47498 and 68.
34
What is the greatest common divisor of 1265618 and 58?
58
Calculate the highest common factor of 654 and 222.
6
Calculate the greatest common factor of 781 and 12709.
71
Calculate the greatest common divisor of 5727 and 207.
69
Calculate the greatest common divisor of 4500 and 35124.
12
Calculate the highest common factor of 21800 and 9400.
200
What is the greatest common factor of 142447 and 181?
181
Calculate the greatest common factor of 40590 and 240.
30
Calculate the highest common divisor of 59345 and 1265.
55
What is the greatest common divisor of 428 and 2530978?
214
What is the highest common factor of 3066 and 3318?
42
What is the greatest common divisor of 112420 and 43890?
770
Calculate the highest common divisor of 2129058 and 356.
178
Calculate the greatest common divisor of 85 and 1642710.
85
What is the highest common factor of 1240 and 6770090?
310
What is the greatest common divisor of 208633 and 517?
47
What is the highest common factor of 12423 and 3813?
123
What is the greatest common divisor of 9940 and 476?
28
What is the highest common factor of 5634057 and 11?
11
What is the highest common factor of 874 and 1467883?
437
What is the greatest common divisor of 1028 and 1748628?
1028
What is the highest common factor of 345 and 64745?
115
What is the highest common factor of 32 and 43224?
8
What is the greatest common divisor of 12528 and 293364?
1044
Calculate the greatest common factor of 325188 and 108.
108
Calculate the greatest common divisor of 302 and 279501.
151
Calculate the highest common factor of 63948 and 852.
12
Calculate the greatest common divisor of 616 and 7304.
88
What is the greatest common divisor of 7697 and 101672?
179
Calculate the highest common factor of 315627 and 39.
39
What is the greatest common factor of 1673120 and 480?
160
Calculate the greatest common divisor of 5 and 49335.
5
What is the highest common factor of 1272 and 24?
24
Calculate the greatest common factor of 120 and 126120.
120
What is the highest common factor of 3005592 and 3660?
732
Calculate the highest common divisor of 234669 and 437.
437
Calculate the greatest common factor of 654 and 17549.
109
Calculate the greatest common factor of 315 and 22785.
105
What is the greatest common divisor of 10355 and 114?
19
What is the greatest common divisor of 23 and 795?
1
Calculate the highest common divisor of 598479 and 21.
21
Calculate the greatest common factor of 111441 and 21659.
121
Calculate the greatest common divisor of 6 and 30816.
6
What is the greatest common factor of 656 and 242966?
82
What is the highest common factor of 221 and 13117?
13
What is the greatest common factor of 263310 and 402?
402
Calculate the greatest common divisor of 18 and 3105.
9
Calculate the greatest common fact